 9. Let f = t + -1. Let c be 31/4 + 2/f. Calculate the highest common divisor of c and 12.
4
Let u = -111 - -161. Suppose 0 = -t - 12 + 3. Let r = 19 + t. Calculate the highest common divisor of u and r.
10
Suppose 41 = 4*s + n, -2*n - 24 = -2*s - 6. Suppose -5*r = 1 - 26. What is the highest common divisor of s and r?
5
Suppose -27*v = -45*v + 990. Suppose -3*b + 28 = -b - 4*n, 0 = b + n - 26. Calculate the greatest common factor of v and b.
11
Suppose -576 = 6*g - 8*g. Calculate the greatest common factor of 36 and g.
36
Let r be 184 + 2 - (10 - 13). What is the highest common divisor of r and 21?
21
Suppose -4*z = -4*a - 192, 3*z + 5*a - 56 = 96. Calculate the highest common factor of z and 392.
49
Suppose 6*n - n = -5*q + 140, 0 = -2*n + q + 53. Suppose -4*l + 232 = 4*d, 5*l - 2*d = d + 258. What is the greatest common divisor of l and n?
27
Let u(l) = 2*l + 8. Let g be u(-7). Let v be 3/g*4*-1. Suppose 2*c = -0*c - 2*m + 14, 6 = -v*c + 3*m. What is the highest common divisor of 2 and c?
1
Let v(u) = 60*u**3 - u + 1. Let b be (11 - 2)/3 - 2. Let i be v(b). Calculate the greatest common factor of 24 and i.
12
Let t(w) = w**3 + 8*w**2 - w + 2. Let i be t(-8). Calculate the highest common divisor of 80 and i.
10
Suppose 63 = 3*o - 3. Suppose s - 5*b = -s + 17, 2*s + 3*b = 25. What is the highest common divisor of s and o?
11
Suppose z - 4 = 9. Suppose 17*n - z*n = 704. Let x be 33/(-2)*8/(-6). What is the highest common divisor of x and n?
22
Suppose 0*w + w - 7 = -a, -1 = 5*w - 4*a. Suppose -f = -7 - w. Suppose -5*x + 100 = -0*x. Calculate the greatest common divisor of f and x.
10
Let c be ((-3)/(-6))/((-1)/(-8)). Let i be (-2*1)/(11 + -13). What is the highest common factor of c and i?
1
Let s be (-8)/6*522/(-12). Suppose 5*t = 5*i - 2*i + s, -i = -4. Calculate the greatest common divisor of 28 and t.
14
Suppose s - 52 = -s. Calculate the highest common divisor of 182 and s.
26
Let n(b) = 6*b - 1. Let j be n(-1). Let r be (-2)/7 + (-58)/j. Let t(y) = y**3 - 5*y**2 + 4*y + 4. Let h be t(6). What is the highest common divisor of h and r?
8
Let i be 4/(-26) - (-1568)/52. What is the highest common divisor of 12 and i?
6
Suppose 0 = 3*s - 9*s + 6. Calculate the highest common factor of 1 and s.
1
Suppose -28 = -3*t + v, t = -3*v + 4 + 2. Calculate the highest common divisor of 36 and t.
9
Let t be (8/24)/((-1)/(-297)). What is the highest common divisor of t and 11?
11
Let n = 32 + 2. What is the highest common divisor of n and 238?
34
Let x be 3232/24 + (-1)/(-3). Calculate the greatest common factor of x and 15.
15
Suppose -15*c + 10*c = -200. What is the highest common divisor of 4 and c?
4
Let u(d) be the first derivative of -d**4/4 + 2*d**3 + 3*d**2 - 9*d - 2. Let j be u(6). Calculate the highest common factor of 18 and j.
9
Let m be (22/(-6) + 3)*-6. Suppose -m*n + 42 = 2. What is the greatest common factor of n and 25?
5
Let y = 93 - 53. What is the greatest common factor of 100 and y?
20
Suppose -19*f + 3*f = -448. What is the highest common divisor of 70 and f?
14
Let h = 60 + -36. What is the greatest common divisor of 24 and h?
24
Let p = -4 - -9. Let u = p + 11. Suppose 4*m + 0*m + u = 4*w, 5*w + m = 38. Calculate the highest common divisor of w and 14.
7
Let f(z) = -z**2 + 4*z + 2. Let a be f(4). Let m = 10 + -7. Suppose 0*b - 15 = -b - m*q, -b - q + 9 = 0. Calculate the highest common divisor of a and b.
2
Let j(i) = 2*i - 6. Let z be j(5). Suppose s = -z - 3. Let a = -4 - s. Calculate the highest common factor of a and 21.
3
Suppose 4*x - x - 132 = 0. What is the greatest common factor of x and 22?
22
Let z be 123 + 2/(-2) - 3. Suppose 0 = -4*m - 5*w + 664, 2*w + z + 195 = 2*m. Suppose 0 = 4*t - 191 - m. Calculate the highest common divisor of 8 and t.
8
Let n = 55 - 33. What is the highest common factor of n and 2?
2
Suppose -w + 4*w - 63 = 0. What is the highest common divisor of w and 7?
7
Let m(t) = t**2 - 2*t. Suppose 6*b = 4*b + 18. Let l be m(b). What is the highest common factor of 42 and l?
21
Let z = 7 + -3. Let g = 0 + z. Suppose 0 - g = -h. What is the greatest common factor of 4 and h?
4
Suppose 5*k + 20 = 2*o, 5*o - 2*o + k - 30 = 0. What is the greatest common factor of o and 90?
10
Suppose 2*h = 4*h - 120. Let j = h - 34. Calculate the highest common divisor of j and 39.
13
Let z(r) = -2*r**3 - 6*r**2 - 4*r. Let m be z(-6). Suppose 3*s + 3*g = -g + m, -s = 4*g - 72. Calculate the greatest common factor of s and 12.
12
Let l(y) = -11*y + 7 + y**2 + 9 - 2*y**2. Let t be l(-12). Suppose -t*u = -98 - 58. What is the greatest common divisor of u and 13?
13
Let c be (2/3)/((-9)/(-459)). Calculate the greatest common divisor of c and 17.
17
Suppose -5*u = 4*b + 25, b + 5 = -4*b - u. Suppose 5*a - 30 - 105 = b. Calculate the highest common factor of 9 and a.
9
Let w(y) = 23*y**3 + 2*y**2 + 3*y + 2. Let h be w(2). What is the greatest common factor of h and 25?
25
Let i(x) = x**2 + 6*x + 10. Let d be i(-5). What is the highest common factor of d and 1?
1
Let h be (3 - (-6)/(-3))*21. What is the greatest common divisor of 14 and h?
7
Let g = 59 - 29. Let d be ((-44)/6)/((-5)/g). Let j = -10 - -21. What is the highest common divisor of j and d?
11
Suppose k - 7 = -1. Suppose -57 = 3*i - k*i. What is the highest common divisor of i and 190?
19
Let w(o) = o**2 - 3*o + 3. Let m be w(3). Suppose 4*l - m = -5*j, 4*l + 6 = 2*j - 4*j. What is the highest common divisor of j and 24?
3
Let a(k) = 8*k. Let f be a(6). What is the highest common factor of 432 and f?
48
Suppose -2 = -4*v - 5*a, -4*v + 6*a - 3*a + 18 = 0. Suppose 0*j - v*l = 3*j - 3, -j + 5*l = -7. Calculate the highest common factor of j and 1.
1
Let a be 1 - ((-3)/1 + 1). Suppose 2*g - 130 = -a*g. What is the highest common divisor of g and 78?
26
Let z = 1 + 0. Let c be z - (0 - 0) - 1. Suppose -4*g + c*g + 92 = 4*u, 3*u - 33 = -g. Calculate the greatest common factor of g and 6.
6
Let c(o) = -o**3 + o**2 + o + 4. Let t be c(0). Suppose -3*m - 15 = 0, -3*b - 26 = -4*b + t*m. Calculate the greatest common divisor of b and 54.
6
Let j(n) = -4*n + 11 + 5*n + 1 + 1. Let h be j(0). Calculate the greatest common divisor of h and 65.
13
Let y be (8/14)/((-8)/(-28)). Let c(h) = 1 - 23*h**2 + h + 49*h**2 + 54*h**y. Let v be c(-1). What is the greatest common factor of 10 and v?
10
Let f be (11/4)/(13/52). Suppose g + 4*k + 81 = 2*g, k - 307 = -4*g. Calculate the greatest common factor of f and g.
11
Let f = 80 - -19. Calculate the greatest common factor of 11 and f.
11
Let k(s) = s**3 - 5*s**2 + 3*s - 1. Let z be k(5). Suppose 0 = 3*j + 17 + 46. Let n = j + 35. What is the greatest common divisor of n and z?
14
Suppose y - 140 = 5*q, 0*q = -q + 5. Calculate the greatest common factor of y and 15.
15
Let n(v) = v**2 - 4*v**2 - v**2 + 0*v**2 + 5 + v - v**3. Let x be n(-4). Calculate the highest common factor of 8 and x.
1
Suppose 4*o - 12 = o. Suppose -o*r = 4*n - 16, -2*n - 8 = -2*r + 3*n. Let u = -1 - -2. Calculate the highest common divisor of u and r.
1
Let j(u) = -u + 7. Let r be j(5). Suppose r*m + m - 12 = 0. Suppose 2*a - 71 = -3*f, -2*a + 2*f + 36 + 50 = 0. What is the greatest common factor of m and a?
4
Let d = 1 - -20. What is the greatest common factor of d and 21?
21
Suppose -110 = -3*d - 2*d. Let a = -13 + -6. Let z = a + 52. Calculate the greatest common divisor of z and d.
11
Let d(o) = 2*o + 3. Suppose 2*k - 3 = -l, 0 = 4*l - 0*l - 12. Let c be d(k). Calculate the highest common factor of 1 and c.
1
Let t(g) = -g**3 + 5*g**2 + 9*g - 10. Let f be t(6). What is the greatest common divisor of 12 and f?
4
Let c be 490/63 + 4/18. Calculate the greatest common divisor of c and 64.
8
Let x = 28 + -86. Let g = 34 + x. Let r be g*((-3)/(-6) - 2). Calculate the greatest common divisor of r and 4.
4
Suppose 4*b = -4*t + 40, -3*t = -2*b - 0 + 5. Calculate the greatest common factor of 56 and b.
7
Let a(u) = -2*u + 22. Let v be a(10). Suppose 3*k = -3*i + 114, -v*i + k + 82 = 5*k. Calculate the highest common divisor of 7 and i.
7
Suppose 33 = -q + 4*q + 4*b, 3*q = -b + 33. Let u(f) = 3*f**2 + f - 3. Let s be u(-6). What is the highest common factor of q and s?
11
Suppose -r = -0 - 1. Suppose -j = -4*f + 3 + 2, 3*j + 2 = -f. Calculate the highest common factor of f and